{"id":12,"date":"2012-11-13T16:26:37","date_gmt":"2012-11-13T16:26:37","guid":{"rendered":"http:\/\/teatrodeimignoli.wordpress.com\/?page_id=12"},"modified":"2012-11-13T16:26:37","modified_gmt":"2012-11-13T16:26:37","slug":"angeli-alle-fermate","status":"publish","type":"page","link":"https:\/\/old.teatrodeimignoli.com\/?page_id=12","title":{"rendered":"ANGELI ALLE FERMATE"},"content":{"rendered":"<p><a href=\"https:\/\/old.teatrodeimignoli.com\/wp-content\/uploads\/2012\/11\/5547428928_4ffe01e964_z1.jpg\"><img loading=\"lazy\" decoding=\"async\" class=\"alignnone size-full wp-image-72\" title=\"5547428928_4ffe01e964_z\" alt=\"\" src=\"https:\/\/old.teatrodeimignoli.com\/wp-content\/uploads\/2012\/11\/5547428928_4ffe01e964_z1.jpg\" height=\"402\" width=\"604\" srcset=\"https:\/\/old.teatrodeimignoli.com\/wp-content\/uploads\/2012\/11\/5547428928_4ffe01e964_z1.jpg 604w, https:\/\/old.teatrodeimignoli.com\/wp-content\/uploads\/2012\/11\/5547428928_4ffe01e964_z1-300x199.jpg 300w, https:\/\/old.teatrodeimignoli.com\/wp-content\/uploads\/2012\/11\/5547428928_4ffe01e964_z1-450x300.jpg 450w\" sizes=\"auto, (max-width: 604px) 100vw, 604px\" \/><\/a><\/p>\n<p>Il progetto <a href=\"http:\/\/www.angeliallefermate.it\/\"><strong><em>Angeli alle fermate<\/em><\/strong><\/a>, dove l\u2019animatore teatrale diventa assistente civico per soddisfare il bisogno di sicurezza dei cittadini e favorire la coesione sociale nonch\u00e9 l\u2019utilizzo dei mezzi pubblici, si \u00e8 attivato a Bologna nel 2007 e prosegue con all\u2019attivo 35 volontari e 60 animazioni serali annue (ore 20,30\/0,30 due sere a settimana da ottobre a giugno) a sostegno di socialit\u00e0, mobilit\u00e0, informazione e aiuto alle fermate e sui bus. Il progetto \u00e8 stato esportato a Genova nel maggio 2010 dove \u00e8 tuttora attivo.<\/p>\n","protected":false},"excerpt":{"rendered":"<p>Il progetto Angeli alle fermate, dove l\u2019animatore teatrale diventa assistente civico per soddisfare il bisogno di sicurezza dei cittadini e favorire la coesione sociale nonch\u00e9 l\u2019utilizzo dei mezzi pubblici, si \u00e8 attivato a Bologna nel 2007 e prosegue con all\u2019attivo 35 volontari e 60 animazioni serali annue (ore 20,30\/0,30 due sere a settimana da ottobre [&hellip;]<\/p>\n","protected":false},"author":1,"featured_media":0,"parent":14,"menu_order":2,"comment_status":"closed","ping_status":"closed","template":"","meta":{"footnotes":""},"class_list":["post-12","page","type-page","status-publish","hentry"],"_links":{"self":[{"href":"https:\/\/old.teatrodeimignoli.com\/index.php?rest_route=\/wp\/v2\/pages\/12","targetHints":{"allow":["GET"]}}],"collection":[{"href":"https:\/\/old.teatrodeimignoli.com\/index.php?rest_route=\/wp\/v2\/pages"}],"about":[{"href":"https:\/\/old.teatrodeimignoli.com\/index.php?rest_route=\/wp\/v2\/types\/page"}],"author":[{"embeddable":true,"href":"https:\/\/old.teatrodeimignoli.com\/index.php?rest_route=\/wp\/v2\/users\/1"}],"replies":[{"embeddable":true,"href":"https:\/\/old.teatrodeimignoli.com\/index.php?rest_route=%2Fwp%2Fv2%2Fcomments&post=12"}],"version-history":[{"count":0,"href":"https:\/\/old.teatrodeimignoli.com\/index.php?rest_route=\/wp\/v2\/pages\/12\/revisions"}],"up":[{"embeddable":true,"href":"https:\/\/old.teatrodeimignoli.com\/index.php?rest_route=\/wp\/v2\/pages\/14"}],"wp:attachment":[{"href":"https:\/\/old.teatrodeimignoli.com\/index.php?rest_route=%2Fwp%2Fv2%2Fmedia&parent=12"}],"curies":[{"name":"wp","href":"https:\/\/api.w.org\/{rel}","templated":true}]}}

<p><a href="https://old.teatrodeimignoli.com/wp-content/uploads/2012/11/5547428928_4ffe01e964_z1.jpg"><img loading="lazy" decoding="async" class="alignnone size-full wp-image-72" title="5547428928_4ffe01e964_z" alt="" src="https://old.teatrodeimignoli.com/wp-content/uploads/2012/11/5547428928_4ffe01e964_z1.jpg" height="402" width="604" srcset="https://old.teatrodeimignoli.com/wp-content/uploads/2012/11/5547428928_4ffe01e964_z1.jpg 604w, https://old.teatrodeimignoli.com/wp-content/uploads/2012/11/5547428928_4ffe01e964_z1-300x199.jpg 300w, https://old.teatrodeimignoli.com/wp-content/uploads/2012/11/5547428928_4ffe01e964_z1-450x300.jpg 450w" sizes="auto, (max-width: 604px) 100vw, 604px" /></a></p>
<p>Il progetto <a href="http://www.angeliallefermate.it/"><strong><em>Angeli alle fermate</em></strong></a>, dove l’animatore teatrale diventa assistente civico per soddisfare il bisogno di sicurezza dei cittadini e favorire la coesione sociale nonché l’utilizzo dei mezzi pubblici, si è attivato a Bologna nel 2007 e prosegue con all’attivo 35 volontari e 60 animazioni serali annue (ore 20,30/0,30 due sere a settimana da ottobre a giugno) a sostegno di socialità, mobilità, informazione e aiuto alle fermate e sui bus. Il progetto è stato esportato a Genova nel maggio 2010 dove è tuttora attivo.</p>

<p>Il progetto Angeli alle fermate, dove l’animatore teatrale diventa assistente civico per soddisfare il bisogno di sicurezza dei cittadini e favorire la coesione sociale nonché l’utilizzo dei mezzi pubblici, si è attivato a Bologna nel 2007 e prosegue con all’attivo 35 volontari e 60 animazioni serali annue (ore 20,30/0,30 due sere a settimana da ottobre [&hellip;]</p>
